{"id":29907,"date":"2025-12-16T18:10:46","date_gmt":"2025-12-16T18:10:46","guid":{"rendered":"https:\/\/veganic.bio\/politica-de-candidatos-a-emprego\/"},"modified":"2026-05-21T21:05:34","modified_gmt":"2026-05-21T21:05:34","slug":"politica-de-candidatos-a-emprego","status":"publish","type":"page","link":"https:\/\/veganic.bio\/pt-pt\/politica-de-candidatos-a-emprego\/","title":{"rendered":"Pol\u00edtica de Candidatos a Emprego"},"content":{"rendered":"\t\t<div data-elementor-type=\"wp-page\" data-elementor-id=\"29907\" class=\"elementor elementor-29907 elementor-29895\" data-elementor-post-type=\"page\">\n\t\t\t\t<div data-particle_enable=\"false\" data-particle-mobile-disabled=\"false\" class=\"elementor-element elementor-element-336e3c0c e-flex e-con-boxed e-con e-parent\" data-id=\"336e3c0c\" data-element_type=\"container\" data-e-type=\"container\" data-settings=\"{&quot;background_background&quot;:&quot;classic&quot;}\">\n\t\t\t\t\t<div class=\"e-con-inner\">\n\t\t\t\t<div class=\"elementor-element elementor-element-937a849 elementor-widget elementor-widget-text-editor\" data-id=\"937a849\" data-element_type=\"widget\" data-e-type=\"widget\" data-widget_type=\"text-editor.default\">\n\t\t\t\t\t\t\t\t\t<h1><strong>Pol\u00edtica de Candidatos a Emprego<\/strong><\/h1><p><strong> <\/strong><\/p><ol><li><strong>Identifica\u00e7\u00e3o do Respons\u00e1vel pelo Tratamento<\/strong><\/li><\/ol><p><strong> <\/strong><\/p><table><tbody><tr><td width=\"100\">Entidade:<\/td><td width=\"480\">VEGANIC NATURE, S.L.<\/td><\/tr><tr><td width=\"100\">NIF:<\/td><td width=\"480\">B56868268<\/td><\/tr><tr><td width=\"100\">Sede registada:<\/td><td width=\"480\">Calle Mosc\u00fa, 10, 46185 La Pobla de Vallbona, Valencia<\/td><\/tr><tr><td width=\"100\">Telefone:<\/td><td width=\"480\">614 28 03 90<\/td><\/tr><tr><td width=\"100\">E-mail:<\/td><td width=\"480\">info@veganic.bio<\/td><\/tr><tr><td width=\"100\">Objeto social:<\/td><td width=\"480\">Fabrico e venda de produtos para a agricultura<\/td><\/tr><tr><td width=\"100\">Website:<\/td><td width=\"480\">https:\/\/veganic.bio\/<\/td><\/tr><tr><td width=\"100\">Detalhes do registo da empresa:<\/td><td width=\"480\">Registada no Registo Comercial de Val\u00eancia: Volume 11492, Livro 8770, P\u00e1gina 141, Sec\u00e7\u00e3o 8, Folha V 215330<\/td><\/tr><\/tbody><\/table><p><strong> <\/strong><\/p><ol start=\"2\"><li><strong>Dados pessoais tratados<\/strong><\/li><\/ol><p>Os dados pessoais que iremos tratar em qualquer candidatura a emprego ser\u00e3o os convencionalmente estabelecidos para estes casos, como, por exemplo, dados de identifica\u00e7\u00e3o e contacto, forma\u00e7\u00e3o acad\u00e9mica e profissional, qualquer informa\u00e7\u00e3o que o candidato deseje partilhar voluntariamente com a nossa entidade, bem como outros dados que possamos recolher durante as entrevistas relacionadas com o processo de sele\u00e7\u00e3o e contrata\u00e7\u00e3o.<\/p><p>Da mesma forma, atrav\u00e9s da nossa plataforma digital de emprego, poder\u00e3o ser tratados dados relacionados com o endere\u00e7o IP, sistema operativo utilizado pelo utilizador, navegador, data e hora de acesso e ficheiros de registo.<\/p><ol start=\"3\"><li><strong>Finalidade do tratamento de dados pessoais<\/strong><\/li><\/ol><p>O tratamento dos dados pessoais fornecidos pelos candidatos a emprego destina-se exclusivamente a avaliar a sua candidatura, contact\u00e1-los para poss\u00edveis entrevistas e relativamente ao processo de sele\u00e7\u00e3o, mant\u00ea-los informados das diferentes vagas que surjam na nossa organiza\u00e7\u00e3o, caso nos autorizem a faz\u00ea-lo, e potencial emprego, se aplic\u00e1vel. As comunica\u00e7\u00f5es ser\u00e3o realizadas atrav\u00e9s dos canais de contacto fornecidos na candidatura a emprego (por exemplo, telefone ou e-mail). <\/p><p>Os seus dados tamb\u00e9m poder\u00e3o ser utilizados para solicitar refer\u00eancias relativamente ao seu percurso profissional \u00e0s empresas onde nos informou que trabalhou.<\/p><p>Se aplic\u00e1vel, ou se considerar que nos deve informar sobre o seu grau de incapacidade, intoler\u00e2ncias, alergias ou quaisquer outros dados relacionados com a sa\u00fade ligados ao cargo a que se candidata, informamos que tais dados ser\u00e3o tratados para cumprir o disposto no artigo 15.\u00ba da Lei 31\/1995, de Preven\u00e7\u00e3o de Riscos Ocupacionais, que nos obriga a conhecer esta informa\u00e7\u00e3o para adaptar o local de trabalho \u00e0s necessidades do trabalhador, bem como com o Real Decreto Legislativo 1\/2013, de 29 de novembro, que aprova o texto consolidado da Lei Geral sobre os direitos das pessoas com defici\u00eancia e a sua inclus\u00e3o social. Quaisquer outros dados desnecess\u00e1rios para efeitos desta candidatura ser\u00e3o destru\u00eddos de forma segura e confidencial. <\/p><ol start=\"4\"><li><strong>Base jur\u00eddica<\/strong><\/li><\/ol><p>O tratamento dos seus dados pessoais pela nossa entidade ser\u00e1 realizado com base no seu consentimento expl\u00edcito, livremente dado, informado e inequ\u00edvoco, uma vez que o informamos desta pol\u00edtica e, ap\u00f3s a sua leitura e se concordar, poder\u00e1 autorizar voluntariamente o tratamento dos seus dados assinalando as caixas disponibilizadas para o efeito nos nossos formul\u00e1rios.<\/p><p>A este respeito, informamos que poder\u00e1 mudar de ideias a qualquer momento e retirar o seu consentimento contactando-nos atrav\u00e9s do nosso endere\u00e7o postal ou por e-mail.<\/p><p>Se o utilizador tiver menos de 16 anos de idade, n\u00e3o trataremos os seus dados pessoais, uma vez que esta \u00e9 a idade m\u00ednima para trabalhar em Espanha. O utilizador \u00e9 o \u00fanico respons\u00e1vel pela veracidade dos dados que nos s\u00e3o apresentados. <\/p><p><strong> <\/strong><\/p><ol start=\"5\"><li><strong>Medidas de seguran\u00e7a<\/strong><\/li><\/ol><p>Garantimos o uso adequado das informa\u00e7\u00f5es e a confidencialidade dos dados pessoais contidos na sua candidatura a emprego, aplicando todas as medidas de seguran\u00e7a necess\u00e1rias para salvaguardar a sua integridade, confidencialidade e disponibilidade. Em suma, para cumprir as obriga\u00e7\u00f5es que a nossa entidade tem no dom\u00ednio da prote\u00e7\u00e3o de dados pessoais. <\/p><ol start=\"6\"><li><strong>Divulga\u00e7\u00f5es de dados<\/strong><\/li><\/ol><p>A nossa entidade informa que os seus dados pessoais n\u00e3o ser\u00e3o divulgados a terceiros, a menos que tenhamos o seu consentimento pr\u00e9vio, caso em que solicitaremos o seu consentimento atrav\u00e9s das caixas disponibilizadas para o efeito nos formul\u00e1rios de candidatura a emprego, juntamente com as informa\u00e7\u00f5es necess\u00e1rias para que o seu consentimento seja informado e livremente dado.<\/p><p>Para determinadas candidaturas, a nossa entidade poder\u00e1 recorrer a empresas do nosso grupo ou a prestadores de servi\u00e7os de recrutamento especializados; nesses casos, ser\u00e3o considerados respons\u00e1veis pelo tratamento de dados e celebraremos o respetivo acordo de confidencialidade e compromisso de ado\u00e7\u00e3o de todas as medidas de seguran\u00e7a necess\u00e1rias para proteger os seus dados.<\/p><ol start=\"7\"><li><strong>Conserva\u00e7\u00e3o dos seus dados<\/strong><\/li><\/ol><p>Os dados pessoais fornecidos como candidato a emprego ser\u00e3o conservados at\u00e9 que a vaga seja preenchida ou por um per\u00edodo m\u00e1ximo de um (1) ano, a menos que nos tenha autorizado expressamente a inclu\u00ed-lo na nossa bolsa de talentos, caso em que ser\u00e3o conservados durante o tempo necess\u00e1rio para considerar a sua candidatura a potenciais vagas e para o contactar para o informar a este respeito.<\/p><ol start=\"8\"><li><strong>Direitos dos candidatos a emprego<\/strong><\/li><\/ol><p>Conservaremos os seus dados como candidato a emprego, conforme explicado acima, ou at\u00e9 que exer\u00e7a o seu direito ao apagamento; portanto, tem o direito de aceder aos seus dados pessoais, retificar dados inexatos, opor-se ou restringir o tratamento dos seus dados pessoais a qualquer momento, bem como solicitar a portabilidade dos dados ou retirar o seu consentimento.<\/p><p>Para exercer os seus direitos, deve faz\u00ea-lo por escrito para <a href=\"mailto:info@veganic.bio\">info@veganic.bio<\/a>. Se agir em nome de outra pessoa, deve apresentar comprovativo da sua representa\u00e7\u00e3o. Se existirem d\u00favidas razo\u00e1veis quanto \u00e0 identidade da pessoa que apresenta o pedido, poderemos solicitar-lhe que forne\u00e7a informa\u00e7\u00f5es adicionais necess\u00e1rias para confirmar a sua identidade.  <\/p><p>Se desejar apresentar alguma sugest\u00e3o ou quest\u00e3o relativamente ao tratamento dos seus dados pessoais, poder\u00e1 contactar os nossos consultores de prote\u00e7\u00e3o de dados:<\/p><p>BUSINESS ADAPTER, S.L.<\/p><p>Ronda Guglielmo Marconi, 11, 26, (Parque Tecnol\u00f3gico) 46980 Paterna (Val\u00eancia).<\/p><h1><a href=\"https:\/\/www.businessadapter.es\/contacta-con-el-delegado-de-proteccion-de-datos\" target=\"_blank\" rel=\"noopener\">Formul\u00e1rio de Contacto do Titular dos Dados<\/a><\/h1><p>Informamos que tem o direito de apresentar uma reclama\u00e7\u00e3o \u00e0 Ag\u00eancia Espanhola de Prote\u00e7\u00e3o de Dados em C\/ Jorge Juan, 6, 28001 Madrid, ou atrav\u00e9s de <a href=\"http:\/\/www.aepd.es\" target=\"_blank\" rel=\"noopener\">www.aepd.es<\/a>.<\/p><ol start=\"9\"><li><strong>Mais informa\u00e7\u00f5es<\/strong><\/li><\/ol><p>Pode saber mais sobre como tratamos os dados pessoais na nossa <a href=\"https:\/\/veganic.bio\/pt-pt\/declaracao-de-privacidade-ue\/\"><strong>Pol\u00edtica de Privacidade<\/strong><\/a>.<\/p><ol start=\"10\"><li><strong>Atualiza\u00e7\u00f5es a esta Pol\u00edtica<\/strong><\/li><\/ol><p>A nossa entidade reserva-se o direito de modificar esta Pol\u00edtica sem aviso pr\u00e9vio. Portanto, recomendamos que a reveja cada vez que visitar o nosso website. <\/p><p>Atualizado em 16 de dezembro de 2025<\/p>\t\t\t\t\t\t\t\t<\/div>\n\t\t\t\t\t<\/div>\n\t\t\t\t<\/div>\n\t\t\t\t<\/div>\n\t\t","protected":false},"excerpt":{"rendered":"<p>Pol\u00edtica de Candidatos a Emprego Identifica\u00e7\u00e3o do Respons\u00e1vel pelo Tratamento Entidade: VEGANIC NATURE, S.L. NIF: B56868268 Sede registada: Calle Mosc\u00fa, 10, 46185 La Pobla de Vallbona, Valencia Telefone: 614 28 03 90 E-mail: info@veganic.bio Objeto social: Fabrico e venda de produtos para a agricultura Website: https:\/\/veganic.bio\/ Detalhes do registo da empresa: Registada no Registo Comercial [&hellip;]<\/p>\n","protected":false},"author":1,"featured_media":0,"parent":0,"menu_order":0,"comment_status":"closed","ping_status":"closed","template":"","meta":{"footnotes":""},"class_list":["post-29907","page","type-page","status-publish","hentry"],"_links":{"self":[{"href":"https:\/\/veganic.bio\/pt-pt\/wp-json\/wp\/v2\/pages\/29907","targetHints":{"allow":["GET"]}}],"collection":[{"href":"https:\/\/veganic.bio\/pt-pt\/wp-json\/wp\/v2\/pages"}],"about":[{"href":"https:\/\/veganic.bio\/pt-pt\/wp-json\/wp\/v2\/types\/page"}],"author":[{"embeddable":true,"href":"https:\/\/veganic.bio\/pt-pt\/wp-json\/wp\/v2\/users\/1"}],"replies":[{"embeddable":true,"href":"https:\/\/veganic.bio\/pt-pt\/wp-json\/wp\/v2\/comments?post=29907"}],"version-history":[{"count":7,"href":"https:\/\/veganic.bio\/pt-pt\/wp-json\/wp\/v2\/pages\/29907\/revisions"}],"predecessor-version":[{"id":34540,"href":"https:\/\/veganic.bio\/pt-pt\/wp-json\/wp\/v2\/pages\/29907\/revisions\/34540"}],"wp:attachment":[{"href":"https:\/\/veganic.bio\/pt-pt\/wp-json\/wp\/v2\/media?parent=29907"}],"curies":[{"name":"wp","href":"https:\/\/api.w.org\/{rel}","templated":true}]}}

Política de Candidatos a Emprego

<div data-elementor-type="wp-page" data-elementor-id="29907" class="elementor elementor-29907 elementor-29895" data-elementor-post-type="page">
				<div data-particle_enable="false" data-particle-mobile-disabled="false" class="elementor-element elementor-element-336e3c0c e-flex e-con-boxed e-con e-parent" data-id="336e3c0c" data-element_type="container" data-e-type="container" data-settings="{&quot;background_background&quot;:&quot;classic&quot;}">
					<div class="e-con-inner">
				<div class="elementor-element elementor-element-937a849 elementor-widget elementor-widget-text-editor" data-id="937a849" data-element_type="widget" data-e-type="widget" data-widget_type="text-editor.default">
									<h1><strong>Política de Candidatos a Emprego</strong></h1><p><strong> </strong></p><ol><li><strong>Identificação do Responsável pelo Tratamento</strong></li></ol><p><strong> </strong></p><table><tbody><tr><td width="100">Entidade:</td><td width="480">VEGANIC NATURE, S.L.</td></tr><tr><td width="100">NIF:</td><td width="480">B56868268</td></tr><tr><td width="100">Sede registada:</td><td width="480">Calle Moscú, 10, 46185 La Pobla de Vallbona, Valencia</td></tr><tr><td width="100">Telefone:</td><td width="480">614 28 03 90</td></tr><tr><td width="100">E-mail:</td><td width="480">info@veganic.bio</td></tr><tr><td width="100">Objeto social:</td><td width="480">Fabrico e venda de produtos para a agricultura</td></tr><tr><td width="100">Website:</td><td width="480">https://veganic.bio/</td></tr><tr><td width="100">Detalhes do registo da empresa:</td><td width="480">Registada no Registo Comercial de Valência: Volume 11492, Livro 8770, Página 141, Secção 8, Folha V 215330</td></tr></tbody></table><p><strong> </strong></p><ol start="2"><li><strong>Dados pessoais tratados</strong></li></ol><p>Os dados pessoais que iremos tratar em qualquer candidatura a emprego serão os convencionalmente estabelecidos para estes casos, como, por exemplo, dados de identificação e contacto, formação académica e profissional, qualquer informação que o candidato deseje partilhar voluntariamente com a nossa entidade, bem como outros dados que possamos recolher durante as entrevistas relacionadas com o processo de seleção e contratação.</p><p>Da mesma forma, através da nossa plataforma digital de emprego, poderão ser tratados dados relacionados com o endereço IP, sistema operativo utilizado pelo utilizador, navegador, data e hora de acesso e ficheiros de registo.</p><ol start="3"><li><strong>Finalidade do tratamento de dados pessoais</strong></li></ol><p>O tratamento dos dados pessoais fornecidos pelos candidatos a emprego destina-se exclusivamente a avaliar a sua candidatura, contactá-los para possíveis entrevistas e relativamente ao processo de seleção, mantê-los informados das diferentes vagas que surjam na nossa organização, caso nos autorizem a fazê-lo, e potencial emprego, se aplicável. As comunicações serão realizadas através dos canais de contacto fornecidos na candidatura a emprego (por exemplo, telefone ou e-mail). </p><p>Os seus dados também poderão ser utilizados para solicitar referências relativamente ao seu percurso profissional às empresas onde nos informou que trabalhou.</p><p>Se aplicável, ou se considerar que nos deve informar sobre o seu grau de incapacidade, intolerâncias, alergias ou quaisquer outros dados relacionados com a saúde ligados ao cargo a que se candidata, informamos que tais dados serão tratados para cumprir o disposto no artigo 15.º da Lei 31/1995, de Prevenção de Riscos Ocupacionais, que nos obriga a conhecer esta informação para adaptar o local de trabalho às necessidades do trabalhador, bem como com o Real Decreto Legislativo 1/2013, de 29 de novembro, que aprova o texto consolidado da Lei Geral sobre os direitos das pessoas com deficiência e a sua inclusão social. Quaisquer outros dados desnecessários para efeitos desta candidatura serão destruídos de forma segura e confidencial. </p><ol start="4"><li><strong>Base jurídica</strong></li></ol><p>O tratamento dos seus dados pessoais pela nossa entidade será realizado com base no seu consentimento explícito, livremente dado, informado e inequívoco, uma vez que o informamos desta política e, após a sua leitura e se concordar, poderá autorizar voluntariamente o tratamento dos seus dados assinalando as caixas disponibilizadas para o efeito nos nossos formulários.</p><p>A este respeito, informamos que poderá mudar de ideias a qualquer momento e retirar o seu consentimento contactando-nos através do nosso endereço postal ou por e-mail.</p><p>Se o utilizador tiver menos de 16 anos de idade, não trataremos os seus dados pessoais, uma vez que esta é a idade mínima para trabalhar em Espanha. O utilizador é o único responsável pela veracidade dos dados que nos são apresentados. </p><p><strong> </strong></p><ol start="5"><li><strong>Medidas de segurança</strong></li></ol><p>Garantimos o uso adequado das informações e a confidencialidade dos dados pessoais contidos na sua candidatura a emprego, aplicando todas as medidas de segurança necessárias para salvaguardar a sua integridade, confidencialidade e disponibilidade. Em suma, para cumprir as obrigações que a nossa entidade tem no domínio da proteção de dados pessoais. </p><ol start="6"><li><strong>Divulgações de dados</strong></li></ol><p>A nossa entidade informa que os seus dados pessoais não serão divulgados a terceiros, a menos que tenhamos o seu consentimento prévio, caso em que solicitaremos o seu consentimento através das caixas disponibilizadas para o efeito nos formulários de candidatura a emprego, juntamente com as informações necessárias para que o seu consentimento seja informado e livremente dado.</p><p>Para determinadas candidaturas, a nossa entidade poderá recorrer a empresas do nosso grupo ou a prestadores de serviços de recrutamento especializados; nesses casos, serão considerados responsáveis pelo tratamento de dados e celebraremos o respetivo acordo de confidencialidade e compromisso de adoção de todas as medidas de segurança necessárias para proteger os seus dados.</p><ol start="7"><li><strong>Conservação dos seus dados</strong></li></ol><p>Os dados pessoais fornecidos como candidato a emprego serão conservados até que a vaga seja preenchida ou por um período máximo de um (1) ano, a menos que nos tenha autorizado expressamente a incluí-lo na nossa bolsa de talentos, caso em que serão conservados durante o tempo necessário para considerar a sua candidatura a potenciais vagas e para o contactar para o informar a este respeito.</p><ol start="8"><li><strong>Direitos dos candidatos a emprego</strong></li></ol><p>Conservaremos os seus dados como candidato a emprego, conforme explicado acima, ou até que exerça o seu direito ao apagamento; portanto, tem o direito de aceder aos seus dados pessoais, retificar dados inexatos, opor-se ou restringir o tratamento dos seus dados pessoais a qualquer momento, bem como solicitar a portabilidade dos dados ou retirar o seu consentimento.</p><p>Para exercer os seus direitos, deve fazê-lo por escrito para <a href="mailto:info@veganic.bio">info@veganic.bio</a>. Se agir em nome de outra pessoa, deve apresentar comprovativo da sua representação. Se existirem dúvidas razoáveis quanto à identidade da pessoa que apresenta o pedido, poderemos solicitar-lhe que forneça informações adicionais necessárias para confirmar a sua identidade.  </p><p>Se desejar apresentar alguma sugestão ou questão relativamente ao tratamento dos seus dados pessoais, poderá contactar os nossos consultores de proteção de dados:</p><p>BUSINESS ADAPTER, S.L.</p><p>Ronda Guglielmo Marconi, 11, 26, (Parque Tecnológico) 46980 Paterna (Valência).</p><h1><a href="https://www.businessadapter.es/contacta-con-el-delegado-de-proteccion-de-datos" target="_blank" rel="noopener">Formulário de Contacto do Titular dos Dados</a></h1><p>Informamos que tem o direito de apresentar uma reclamação à Agência Espanhola de Proteção de Dados em C/ Jorge Juan, 6, 28001 Madrid, ou através de <a href="http://www.aepd.es" target="_blank" rel="noopener">www.aepd.es</a>.</p><ol start="9"><li><strong>Mais informações</strong></li></ol><p>Pode saber mais sobre como tratamos os dados pessoais na nossa <a href="https://veganic.bio/pt-pt/declaracao-de-privacidade-ue/"><strong>Política de Privacidade</strong></a>.</p><ol start="10"><li><strong>Atualizações a esta Política</strong></li></ol><p>A nossa entidade reserva-se o direito de modificar esta Política sem aviso prévio. Portanto, recomendamos que a reveja cada vez que visitar o nosso website. </p><p>Atualizado em 16 de dezembro de 2025</p>								</div>
					</div>
				</div>
				</div>

<p>Política de Candidatos a Emprego Identificação do Responsável pelo Tratamento Entidade: VEGANIC NATURE, S.L. NIF: B56868268 Sede registada: Calle Moscú, 10, 46185 La Pobla de Vallbona, Valencia Telefone: 614 28 03 90 E-mail: info@veganic.bio Objeto social: Fabrico e venda de produtos para a agricultura Website: https://veganic.bio/ Detalhes do registo da empresa: Registada no Registo Comercial [&hellip;]</p>
